ens digit of 442582?
8
What is the ten thousands digit of 453332?
5
What is the hundred thousands digit of 760006?
7
What is the hundred thousands digit of 1796296?
7
What is the thousands digit of 7056128?
6
What is the hundred thousands digit of 278806?
2
What is the units digit of 438641?
1
What is the hundreds digit of 478835?
8
What is the units digit of 8512282?
2
What is the ten thousands digit of 147452?
4
What is the hundreds digit of 893520?
5
What is the units digit of 1057174?
4
What is the tens digit of 24543734?
3
What is the tens digit of 33465?
6
What is the tens digit of 88423?
2
What is the thousands digit of 1829964?
9
What is the thousands digit of 2879758?
9
What is the thousands digit of 320229?
0
What is the millions digit of 9878561?
9
What is the units digit of 4562570?
0
What is the ten thousands digit of 143411?
4
What is the units digit of 751510?
0
What is the units digit of 971782?
2
What is the thousands digit of 1772917?
2
What is the units digit of 2969835?
5
What is the hundreds digit of 4179?
1
What is the ten thousands digit of 7259281?
5
What is the units digit of 542153?
3
What is the thousands digit of 394205?
4
What is the hundreds digit of 86422?
4
What is the units digit of 123752?
2
What is the ten thousands digit of 1119631?
1
What is the units digit of 12071558?
8
What is the tens digit of 774483?
8
What is the units digit of 354962?
2
What is the thousands digit of 116163?
6
What is the hundreds digit of 922154?
1
What is the units digit of 50907?
7
What is the tens digit of 1377124?
2
What is the ten thousands digit of 528054?
2
What is the hundreds digit of 4914563?
5
What is the hundred thousands digit of 149244?
1
What is the hundred thousands digit of 4885405?
8
What is the hundred thousands digit of 1612989?
6
What is the ten thousands digit of 470433?
7
What is the thousands digit of 53664?
3
What is the thousands digit of 227588?
7
What is the millions digit of 3308484?
3
What is the millions digit of 6916999?
6
What is the hundred thousands digit of 244160?
2
What is the tens digit of 440799?
9
What is the tens digit of 16793011?
1
What is the units digit of 14980857?
7
What is the tens digit of 7705589?
8
What is the hundred thousands digit of 232220?
2
What is the hundred thousands digit of 1712859?
7
What is the thousands digit of 5001492?
1
What is the hundreds digit of 1403548?
5
What is the units digit of 1136804?
4
What is the hundred thousands digit of 1595419?
5
What is the units digit of 15863?
3
What is the tens digit of 2056726?
2
What is the hundred thousands digit of 4046824?
0
What is the ten thousands digit of 4553227?
5
What is the thousands digit of 331128?
1
What is the units digit of 3606129?
9
What is the tens digit of 33615854?
5
What is the tens digit of 1967597?
9
What is the ten thousands digit of 158878?
5
What is the millions digit of 6893092?
6
What is the hundreds digit of 1438543?
5
What is the tens digit of 3456818?
1
What is the millions digit of 2344969?
2
What is the millions digit of 33900406?
3
What is the millions digit of 3249033?
3
What is the thousands digit of 32651?
2
What is the ten thousands digit of 1241620?
4
What is the hundreds digit of 6294807?
8
What is the thousands digit of 1960478?
0
What is the thousands digit of 7115246?
5
What is the hundreds digit of 944119?
1
What is the hundred thousands digit of 2232591?
2
What is the tens digit of 2275579?
7
What is the millions digit of 16962633?
6
What is the hundreds digit of 967920?
9
What is the ten thousands digit of 323495?
2
What is the hundreds digit of 7535606?
6
What is the ten thousands digit of 20091536?
9
What is the thousands digit of 7405604?
5
What is the hundreds digit of 6254451?
4
What is the tens digit of 2362634?
3
What is the hundred thousands digit of 314273?
3
What is the tens digit of 176384?
8
What is the tens digit of 433751?
5
What is the tens digit of 89986?
8
What is the tens digit of 6051775?
7
What is the thousands digit of 76981?
6
What is the thousands digit of 5543033?
3
What is the hundreds digit of 382470?
4
What is the hundreds digit of 121381?
3
What is the ten thousands digit of 474256?
7
What is the hundred thousands digit of 1707595?
7
What is the tens digit of 7491338?
3
What is the ten thousands digit of 9780451?
8
What is the ten thousands digit of 961925?
6
What is the hundred thousands digit of 402032?
4
What is the ten millions digit of 25047768?
2
What is the hundred thousands digit of 5297703?
2
What is the hundreds digit of 69564?
5
What is the hundred thousands digit of 161298?
1
What is the units digit of 1925607?
7
What is the ten thousands digit of 237587?
3
What is the millions digit of 3071449?
3
What is the hundred thousands digit of 9144071?
1
What is the hundred thousands digit of 354642?
3
What is the thousands digit of 273324?
3
What is the ten thousands digit of 8193864?
9
What is the hundreds digit of 158987?
9
What is the hundred thousands digit of 1154552?
1
What is the hundred thousands digit of 2537130?
5
What is the tens digit of 11187693?
9
What is the units digit of 366646?
6
What is the units digit of 227701?
1
What is the tens digit of 3501299?
9
What is the tens digit of 270094?
9
What is the ten millions digit of 13905104?
1
What is the units digit of 942870?
0
What is the millions digit of 1518530?
1
What is the hundred thousands digit of 108865?
1
What is the ten thousands digit of 7072141?
7
What is the hundred thousands digit of 6895808?
8
What is the thousands digit of 24982627?
2
What is the hundreds digit of 37161?
1
What is the ten thousands digit of 5233261?
3
What is the thousands digit of 20572816?
2
What is the ten millions digit of 43486742?
4
What is the ten thousands digit of 19421954?
2
What is the hundred thousands digit of 21841150?
8
What is the thousands digit of 969867?
9
What is the ten thousands digit of 48191?
4
What is the units digit of 638043?
3
What is the thousands digit of 636806?
6
What is the hundreds digit of 106077?
0
What is the hundred thousands digit of 1488249?
4
What is the tens digit of 21874682?
8
What is the ten thousands digit of 1380509?
8
What is the millions digit of 31823460?
1
What is the ten millions digit of 21202122?
2
What is the tens digit of 227170?
7
What is the tens digit of 536313?
1
What is the units digit of 209165?
5
What is the millions digit of 4525198?
4
What is the units digit of 2453192?
2
What is the ten millions digit of 18019974?
1
What is the units digit of 2352812?
2
What is the ten thousands digit of 16792194?
9
What is the hundreds digit of 1500661?
6
What is the tens digit of 1505793?
9
What is the hundreds digit of 2126978?
9
What is the ten thousands digit of 13993211?
9
What is the hundred thousands digit of 4080330?
0
What is the thousands digit of 379376?
9
What is the hundreds digit of 31240917?
9
What is the ten thousands digit of 19602341?
0
What is the thousands digit of 39065452?
5
What is the ten thousands digit of 1329491?
2
What is the ten millions digit of 10070173?
1
What is the units digit of 11831901?
1
What is the ten thousands digit of 3158468?
5
What is the hundred thousands digit of 289738?
2
What is the hundreds digit of 8101210?
2
What is the hundreds digit of 149410?
4
What is the ten thousands digit of 1174242?
7
What is the thousands digit of 346358?
6
What is the ten millions digit of 20075379?
2
What is the ten thousands digit of 1981174?
8
What is the ten thousands digit of 4576596?
7
What is the ten thousands digit of 556247?
5
What is the ten thousands digit of 184558?
8
What is the hundreds digit of 3979993?
9
What is the units digit of 548571?
1
What is the hundreds digit of 3152838?
8
What is the ten thousands digit of 27357844?
5
What is the ten thousands digit of 1060591?
6
What is the units digit of 315642?
2
What is the hundreds digit of 53434?
4
What is the tens digit of 3254935?
3
What is the hundred thousands digit of 5396388?
3
What is the ten thousands digit of 13075398?
7
What is the ten thousands digit of 130215?
3
What is the units digit of 5413312?
2
What is the units digit of 10479000?
0
What is the hundred thousands digit of 3447307?
4
What is the units digit of 653245?
5
What is the ten thousands